 320.
2, 5
List the prime factors of 52998.
2, 3, 11, 73
What are the prime factors of 1878?
2, 3, 313
List the prime factors of 5564.
2, 13, 107
List the prime factors of 17952.
2, 3, 11, 17
List the prime factors of 11652.
2, 3, 971
What are the prime factors of 1187?
1187
What are the prime factors of 33782?
2, 7, 19, 127
List the prime factors of 10035.
3, 5, 223
What are the prime factors of 1113?
3, 7, 53
What are the prime factors of 4580?
2, 5, 229
List the prime factors of 2858.
2, 1429
What are the prime factors of 762?
2, 3, 127
List the prime factors of 6419.
7, 131
List the prime factors of 9241.
9241
List the prime factors of 10326.
2, 3, 1721
What are the prime factors of 1765?
5, 353
What are the prime factors of 51848?
2, 6481
What are the prime factors of 2475?
3, 5, 11
List the prime factors of 63071.
59, 1069
What are the prime factors of 4221?
3, 7, 67
What are the prime factors of 63?
3, 7
What are the prime factors of 1411?
17, 83
List the prime factors of 864.
2, 3
What are the prime factors of 722?
2, 19
List the prime factors of 11938.
2, 47, 127
What are the prime factors of 19225?
5, 769
What are the prime factors of 4606?
2, 7, 47
What are the prime factors of 869?
11, 79
What are the prime factors of 3891?
3, 1297
What are the prime factors of 842?
2, 421
What are the prime factors of 948?
2, 3, 79
List the prime factors of 8344.
2, 7, 149
List the prime factors of 490.
2, 5, 7
List the prime factors of 207.
3, 23
List the prime factors of 4066.
2, 19, 107
List the prime factors of 3209.
3209
What are the prime factors of 121991?
43, 2837
What are the prime factors of 3465?
3, 5, 7, 11
List the prime factors of 1968.
2, 3, 41
List the prime factors of 19272.
2, 3, 11, 73
List the prime factors of 271.
271
List the prime factors of 13937.
7, 11, 181
What are the prime factors of 6993?
3, 7, 37
List the prime factors of 3071.
37, 83
List the prime factors of 10621.
13, 19, 43
List the prime factors of 36222.
2, 3, 6037
List the prime factors of 5010.
2, 3, 5, 167
List the prime factors of 9169.
53, 173
List the prime factors of 11332.
2, 2833
What are the prime factors of 14627?
14627
What are the prime factors of 2370?
2, 3, 5, 79
List the prime factors of 12304.
2, 769
What are the prime factors of 1331?
11
What are the prime factors of 182?
2, 7, 13
What are the prime factors of 4481?
4481
List the prime factors of 4325.
5, 173
List the prime factors of 428.
2, 107
What are the prime factors of 4553?
29, 157
What are the prime factors of 27475?
5, 7, 157
What are the prime factors of 26919?
3, 997
What are the prime factors of 2850?
2, 3, 5, 19
List the prime factors of 8185.
5, 1637
List the prime factors of 978.
2, 3, 163
What are the prime factors of 360?
2, 3, 5
List the prime factors of 14281.
14281
What are the prime factors of 871?
13, 67
List the prime factors of 2300.
2, 5, 23
What are the prime factors of 70487?
70487
What are the prime factors of 11586?
2, 3, 1931
List the prime factors of 2294.
2, 31, 37
List the prime factors of 45293.
45293
What are the prime factors of 26794?
2, 13397
List the prime factors of 890.
2, 5, 89
List the prime factors of 472.
2, 59
What are the prime factors of 51809?
103, 503
What are the prime factors of 44611?
7, 6373
What are the prime factors of 561?
3, 11, 17
What are the prime factors of 34584?
2, 3, 11, 131
List the prime factors of 773.
773
What are the prime factors of 150?
2, 3, 5
List the prime factors of 501.
3, 167
List the prime factors of 210.
2, 3, 5, 7
What are the prime factors of 203?
7, 29
List the prime factors of 3524.
2, 881
List the prime factors of 2628.
2, 3, 73
List the prime factors of 127.
127
What are the prime factors of 20254?
2, 13, 19, 41
List the prime factors of 4794.
2, 3, 17, 47
List the prime factors of 55824.
2, 3, 1163
List the prime factors of 6879.
3, 2293
List the prime factors of 3870.
2, 3, 5, 43
List the prime factors of 11237.
17, 661
What are the prime factors of 110874?
2, 3, 17, 1087
What are the prime factors of 13841?
13841
What are the prime factors of 8570?
2, 5, 857
List the prime factors of 41235.
3, 5, 2749
List the prime factors of 20475.
3, 5, 7, 13
What are the prime factors of 4881?
3, 1627
List the prime factors of 45793.
11, 23, 181
What are the prime factors of 275?
5, 11
List the prime factors of 758.
2, 379
What are the prime factors of 739?
739
What are the prime factors of 54375?
3, 5, 29
What are the prime factors of 31949?
43, 743
List the prime factors of 1044.
2, 3, 29
What are the prime factors of 163?
163
List the prime factors of 1227.
3, 409
What are the prime factors of 13987?
71, 197
What are the prime factors of 1376?
2, 43
What are the prime factors of 22732?
2, 5683
List the prime factors of 70509.
3, 19, 1237
List the prime factors of 75952.
2, 47, 101
List the prime factors of 2886.
2, 3, 13, 37
List the prime factors of 2616.
2, 3, 109
What are the prime factors of 114?
2, 3, 19
What are the prime factors of 4721?
4721
What are the prime factors of 2300?
2, 5, 23
List the prime factors of 4398.
2, 3, 733
List the prime factors of 661.
661
List the prime factors of 13729.
13729
What are the prime factors of 4481?
4481
List the prime factors of 1574.
2, 787
List the prime factors of 13726.
2, 6863
What are the prime factors of 236?
2, 59
List the prime factors of 38139.
3, 12713
What are the prime factors of 53035?
5, 10607
List the prime factors of 25856.
2, 101
What are the prime factors of 41963?
29, 1447
List the prime factors of 130900.
2, 5, 7, 11, 17
What are the prime factors of 715?
5, 11, 13
List the prime factors of 19776.
2, 3, 103
List the prime factors of 669.
3, 223
List the prime factors of 3323.
3323
List the prime factors of 18035.
5, 3607
List the prime factors of 845.
5, 13
List the prime factors of 1757.
7, 251
List the prime factors of 750.
2, 3, 5
What are the prime factors of 29730?
2, 3, 5, 991
What are the prime factors of 5269?
11, 479
What are the prime factors of 457?
457
What are the prime factors of 244?
2, 61
List the prime factors of 14220.
2, 3, 5, 79
What are the prime factors of 1453?
1453
List the prime factors of 1407.
3, 7, 67
What are the prime factors of 12423?
3, 41, 101
List the prime factors of 22049.
17, 1297
What are the prime factors of 5616?
2, 3, 13
What are the prime factors of 89?
89
What are the prime factors of 502?
2, 251
What are the prime factors of 3465?
3, 5, 7, 11
What are the prime factors of 161?
7, 23
List the prime factors of 1628.
2, 11, 37
What are the prime factors of 3263?
13, 251
What are the prime factors of 47831?
7, 6833
What are the prime factors of 6533?
47, 139
What are the prime factors of 711?
3, 79
What are the prime factors of 57041?
57041
List the prime factors of 2047.
23, 89
List the prime factors of 16367.
13, 1259
List the prime factors of 24850.
2, 5, 7, 71
List the prime factors of 27930.
2, 3, 5, 7, 19
List the prime factors of 2504.
2, 313
What are the prime factors of 27445?
5, 11, 499
List the prime factors of 742.
2, 7, 53
What are the prime factors of 1177?
11, 107
List the prime factors of 15107.
15107
What are the prime factors of 2610?
2, 3, 5, 29
List the prime factors of 19658.
2, 9829
What are the prime factors of 793?
13, 61
List the prime factors of 72.
2, 3
List the prime factors of 14226.
2, 3, 2371
What are the prime factors of 29450?
2, 5, 19, 31
List the prime factors of 45496.
2, 11, 47
List the prime factors of 1365.
3, 5, 7, 13
What are the prime factors of 567?
3, 7
List the prime factors of 2487.
3, 829
What are the prime factors of 640?
2, 5
List the prime factors of 172.
2, 43
List the prime factors of 22884.
2, 3, 1907
What are the prime factors of 3151?
23, 137
List the prime factors of 8586.
2, 3, 53
What are the prime factors of 2085?
3, 5, 139
List the prime factors of 955.
5, 191
What are the prime factors of 10818?
2, 3, 601
List the prime factors of 21081.
3, 7027
What are the prime factors of 673?
673
What are the prime factors of 2836?
2, 709
What are the prime factors of 1541?
23, 67
What are the prime factors of 1098?
2, 3, 61
List the prime factors of 3337.
47, 71
List the prime factors of 60055.
5, 12011
What are the prime factors of 771?
3, 257
List the prime